 and 4238.
26
Calculate the greatest common factor of 479088 and 759665.
1109
Calculate the highest common factor of 765304 and 153928.
2168
What is the greatest common divisor of 3900 and 749100?
300
What is the highest common divisor of 66666 and 45838566?
1626
What is the greatest common factor of 9996 and 38142237?
2499
Calculate the highest common factor of 60 and 37347120.
60
Calculate the greatest common factor of 1017530 and 16784.
2098
Calculate the highest common divisor of 5894840 and 815332.
1036
What is the greatest common factor of 5757020 and 45?
5
What is the highest common divisor of 571562940 and 741?
741
What is the highest common divisor of 2146 and 9913114?
74
Calculate the highest common factor of 11094 and 162854373.
5547
What is the greatest common divisor of 32 and 1071088?
16
What is the highest common factor of 117 and 3249571?
13
What is the highest common divisor of 3804379 and 19057?
1003
What is the greatest common factor of 1452 and 19133488?
484
Calculate the greatest common divisor of 8707545 and 1617000.
8085
Calculate the greatest common factor of 63 and 62309149.
7
Calculate the highest common divisor of 1545442 and 34.
2
What is the greatest common divisor of 467409 and 5899?
347
What is the greatest common factor of 54 and 3780705969?
27
What is the greatest common factor of 1126572 and 17196?
12
What is the highest common factor of 26841637 and 177?
59
Calculate the highest common divisor of 880674 and 4836.
6
Calculate the greatest common factor of 94125 and 5676114.
753
What is the greatest common divisor of 539 and 160998299?
77
Calculate the greatest common divisor of 32875 and 838707.
263
Calculate the greatest common divisor of 7125 and 1097835.
15
What is the greatest common divisor of 635984 and 15032?
8
Calculate the highest common factor of 5827521 and 6612.
87
What is the greatest common factor of 1696 and 290179664?
848
What is the greatest common factor of 3843660 and 285?
15
What is the greatest common factor of 5880 and 140512?
8
Calculate the highest common divisor of 6904018 and 8498.
1214
Calculate the greatest common factor of 271 and 5500487.
271
Calculate the highest common factor of 678310464 and 14848.
1856
What is the highest common divisor of 386 and 2201524366?
386
What is the highest common divisor of 2679 and 459192?
57
What is the greatest common divisor of 3500242 and 13978?
58
Calculate the highest common divisor of 54 and 540766557.
27
Calculate the highest common factor of 3896585 and 9423.
349
Calculate the highest common factor of 84952 and 1858776.
328
What is the highest common divisor of 5504 and 6459776?
128
What is the highest common factor of 149072 and 262878?
154
Calculate the greatest common factor of 509177 and 325278.
1063
What is the greatest common factor of 1100 and 920051?
11
Calculate the highest common factor of 32858 and 54656.
14
What is the greatest common factor of 307857005 and 5?
5
Calculate the greatest common factor of 1268160 and 5280.
480
Calculate the greatest common divisor of 38127 and 776598.
213
What is the greatest common divisor of 2248 and 24412156?
1124
What is the highest common divisor of 117 and 37650119?
13
Calculate the greatest common factor of 23 and 142524859.
23
Calculate the greatest common factor of 15148712 and 300.
4
What is the greatest common factor of 15656579 and 839?
839
Calculate the greatest common factor of 2339156 and 1424.
4
Calculate the highest common divisor of 9996 and 2837198.
1666
Calculate the highest common factor of 499148 and 126111.
331
What is the greatest common divisor of 852 and 40040876?
284
Calculate the greatest common divisor of 6544145 and 95.
5
What is the highest common factor of 346 and 4528426202?
346
What is the highest common divisor of 7195733 and 10128?
211
What is the highest common divisor of 1160337 and 276870?
2517
What is the highest common factor of 789370 and 3897770?
4090
What is the highest common divisor of 59690240 and 3200?
640
Calculate the highest common factor of 1504 and 46735484.
188
Calculate the greatest common factor of 34782630 and 90.
30
Calculate the greatest common factor of 9950 and 212150.
50
What is the greatest common factor of 106664 and 18109?
199
Calculate the greatest common factor of 4122 and 3205287.
9
What is the greatest common divisor of 7549548 and 624?
12
What is the greatest common divisor of 390720 and 148555?
2035
What is the highest common divisor of 101655962 and 696?
58
What is the highest common divisor of 108737 and 26740087?
1843
Calculate the highest common divisor of 869915 and 5890.
95
What is the greatest common factor of 324 and 602487477?
81
What is the greatest common divisor of 457 and 94449561?
457
What is the highest common divisor of 731166 and 27517?
3931
What is the greatest common divisor of 388 and 78396?
4
Calculate the greatest common divisor of 2707493 and 60283.
2621
Calculate the greatest common divisor of 242029 and 14858.
391
Calculate the greatest common divisor of 36 and 1052658.
18
What is the greatest common factor of 4341572 and 14145?
943
Calculate the highest common factor of 5297457 and 13053.
687
Calculate the greatest common factor of 32982 and 2754.
6
What is the highest common divisor of 37179 and 14246?
17
Calculate the highest common divisor of 125355 and 222345.
915
Calculate the highest common divisor of 164293515 and 162.
81
What is the highest common factor of 12431500 and 23?
23
Calculate the highest common divisor of 659472 and 1032.
24
Calculate the highest common factor of 3933260 and 270.
10
What is the highest common divisor of 608261632 and 128?
128
Calculate the highest common factor of 24 and 5521448.
8
Calculate the greatest common divisor of 198132 and 196878.
1254
What is the highest common factor of 24059 and 29699117?
3437
What is the highest common factor of 11384015 and 685?
685
What is the greatest common divisor of 668629 and 60021?
247
What is the highest common divisor of 6209015 and 9125?
365
Calculate the highest common factor of 2301 and 37622943.
177
What is the greatest common factor of 3366 and 16782832?
22
What is the highest common factor of 1476 and 50449188?
492
Calculate the highest common factor of 520 and 275448680.
520
Calculate the highest common factor of 13936 and 3536416.
208
Calculate the greatest common factor of 22 and 26811994.
22
Calculate the greatest common factor of 16192 and 63572.
92
What is the highest common factor of 146847 and 3813?
93
What is the greatest common factor of 2936199 and 11125?
89
Calculate the greatest common divisor of 339966 and 11798.
34
What is the greatest common divisor of 97182 and 3744?
18
What is the greatest common factor of 69820663 and 16236?
451
Calculate the highest common factor of 25246 and 565162.
26
What is the highest common divisor of 13776964 and 156417?
3067
What is the greatest common factor of 129948936 and 52?
52
What is the greatest common divisor of 1652 and 99348389?
413
Calculate the greatest common divisor of 225 and 122389425.
225
What is the highest common factor of 253 and 6233897?
23
What is the highest common factor of 336 and 22122352?
112
Calculate the greatest common divisor of 9 and 57593.
1
What is the greatest common divisor of 180 and 10311960?
60
Calculate the highest common divisor of 580 and 3972.
4
What is the greatest common divisor of 48707080 and 80?
40
Calculate the greatest common factor of 1838000 and 1065121.
919
What is the greatest common divisor of 213621 and 30783?
93
What is the highest common factor of 7020 and 20721168?
468
What is the greatest common factor of 18 and 3840114?
6
Calculate the greatest common divisor of 35949 and 472512.
69
What is the greatest common divisor of 11 and 117711418?
11
Calculate the greatest common factor of 67734 and 633888.
1278
What is the highest common divisor of 58104570 and 30?
30
Calculate the highest common factor of 8602840 and 6.
2
What is the greatest common divisor of 472 and 16247728?
8
What is the highest common factor of 26184017 and 6575?
263
Calculate the greatest common divisor of 3292602 and 5844921.
11049
Calculate the greatest common factor of 2034 and 1403913582.
2034
What is the greatest common divisor of 7107 and 5